ded by f?
9
Let s(i) = -i**3 - 9*i**2 - 10*i - 3. Let x be s(-8). Let k = 33 - x. What is the remainder when 58 is divided by k?
18
Let j = -7 + 9. Suppose 2*h - 14 = j*l, -5*h + 4*l = l - 29. Suppose 7 = 5*k - 8. What is the remainder when h is divided by k?
1
Let c(u) = -u**2 - 7*u + 6. Calculate the remainder when 28 is divided by c(-6).
4
Let p = -14 - -15. Calculate the remainder when p is divided by 1.
0
Suppose 4*t = 20, -z = -0*z + 5*t - 31. Calculate the remainder when 7 is divided by z.
1
Let z be (48/(-10))/(16/(-440)). Let o = z - -20. Suppose w = -3*a + o, -w - 60 = -4*a + 152. Calculate the remainder when a is divided by 18.
16
Let q(n) = -n**3 + 11*n**2 + 22*n - 16. Calculate the remainder when q(12) is divided by 27.
23
Let y(i) be the second derivative of -i**3/6 + i**2 + 2*i. Calculate the remainder when 21 is divided by y(-4).
3
Suppose -5*b + 2*b + 5*x + 65 = 0, -2*x - 82 = -4*b. What is the remainder when b is divided by (-1 - 2)*(-55)/15?
9
Let y = 35 - 16. Calculate the remainder when y is divided by 7.
5
Let a(g) be the second derivative of -g**4/12 + 7*g**3/3 + g**2 + 7*g. What is the remainder when 4 is divided by a(14)?
0
Let a(j) = -32*j + 2. Let x be a(2). Let g = -23 - x. What is the remainder when g is divided by ((-15)/(-9) - -3)/(1/3)?
11
What is the remainder when 100 - (2 - 0 - (-5 + 10)) is divided by 5?
3
Calculate the remainder when 2 + 6 - (6 - 4) is divided by 2.
0
Let l(t) = 9*t**3 + t**2 - 4*t + 4. What is the remainder when 36 is divided by l(1)?
6
Let f(b) = -9*b - 20. Suppose -3*n = 3*m - 36, 2*n + 3*n + m = 60. Calculate the remainder when n is divided by f(-3).
5
Suppose 4*n - 7 = 89. Suppose 3*f + 94 = 2*r, 4*f + 36 = r - 11. Calculate the remainder when r is divided by n.
23
Let p(j) = j**3 + 3*j**2 - j - 1. Let b be p(-3). Suppose -b*q + 2 + 30 = 0. Let x = q - -9. What is the remainder when x is divided by 9?
7
Let h(o) = -o**3 - o**2 - o - 27. Let r be h(0). Calculate the remainder when 104/3 + (-4)/6 is divided by (4/3)/((-3)/r).
10
Let r be ((-5)/3)/((-1)/(-3)). Let g be 46/1 - (7 + r). Let v = -6 + g. Calculate the remainder when v is divided by 10.
8
Let y(a) = -4*a**2 - a**3 + 14*a**2 - 7 + 3*a - 5*a**2. Let r(z) = 6*z**2 + z + 1. Calculate the remainder when r(-2) is divided by y(5).
7
Suppose -2*g - s - 4*s + 6 = 0, -4*s = -g + 3. Suppose 4*i = g*y - 40, 5*y + 5*i = 63 + 27. Calculate the remainder when 29 is divided by y.
13
Let x(v) = -v**3 + 2*v**2 + 2*v - 1. Let z be x(2). Suppose -5*k - d + 75 = z*d, 3*k - 5*d = 45. What is the remainder when 29 is divided by k?
14
Suppose -45 = -3*v - 12. Calculate the remainder when 64 is divided by v.
9
Suppose -68 = 3*d + 4*y, -2*d - 36 = -3*y + y. Calculate the remainder when d/(-6)*12/10 is divided by ((-12)/15)/(2/(-5)).
0
Calculate the remainder when (-1)/4 + 1225/20 is divided by 16.
13
Let w = -111 + 127. Calculate the remainder when 205 is divided by w.
13
Let j(c) = c**2 - 6*c - 5. Let v be j(7). Suppose v*a = 3*a - 42. Calculate the remainder when a is divided by 11.
9
Suppose 4*y + 4*q - 5 - 7 = 0, -q = -4*y + 2. What is the remainder when (3 + 40 + 0)*y is divided by 16?
11
Calculate the remainder when 35 is divided by -4 - (-2)/((-6)/(-69)).
16
Let k = 112 + -51. Let p = -131 + k. Let c = 123 + p. Calculate the remainder when c is divided by 18.
17
Let q(s) = -s**2 + 22. Calculate the remainder when 41 is divided by q(0).
19
Suppose t - 96 - 59 = -4*m, m = -2*t + 44. Suppose -105 = -4*c + 107. Let d = c - m. What is the remainder when d is divided by 9?
6
Suppose 17*h - 8*h = 162. What is the remainder when h is divided by 7?
4
Let s(j) = -j**3 + 9*j**2 - 7*j + 7. Calculate the remainder when s(8) is divided by 9.
6
Suppose t + 4 + 1 = 0, -4*p = 2*t + 6. Let f(w) = 14*w + 1. Calculate the remainder when 59 is divided by f(p).
14
Let f = 2 - -17. Calculate the remainder when f is divided by 0 - ((-8)/(-10))/((-12)/150).
9
Let i be (1/((-3)/(-21)))/1. Calculate the remainder when (6/(-4))/(i/(-98)) is divided by 8.
5
Let z = 108 - 60. What is the remainder when z is divided by 25?
23
Let q(f) be the third derivative of f**6/120 + 11*f**5/60 + 2*f**3/3 - f**2. What is the remainder when q(-11) is divided by (-2 - -2) + 2*1?
0
Let w be (-11)/1 - (0 + 0). Let a = 4 - w. Calculate the remainder when 43 is divided by a.
13
Let g = -48 - -73. Suppose n - 4*n = 0. Suppose 0*t - 4*t + 36 = n. What is the remainder when g is divided by t?
7
Let n = -19 + 24. Suppose -n*u + u + 92 = 0. Calculate the remainder when u is divided by 12.
11
Suppose 0 = 5*r - 4*c + 9*c + 5, -10 = 5*c. Let v(d) = -31*d - 1 + r. Calculate the remainder when v(-1) is divided by 11.
9
Suppose -h - 2*h = -18. Calculate the remainder when 40/2 - (12 - 14) is divided by h.
4
Suppose -3*q = -2*q - 14. What is the remainder when (q/3)/((-4)/(-18)) is divided by 46/4 + (-2)/4?
10
Suppose 4*d = -0*d + u + 114, 0 = 4*d - 5*u - 122. What is the remainder when d is divided by ((-24)/(-40))/(1/25)?
13
Let h(s) = -2*s**3 - 4*s**2 - 5*s - 2. Let z be h(-3). Suppose 3*g - 3*o - z = 17, -4*g - o + 64 = 0. What is the remainder when 63 is divided by g?
15
Let g = -42 + 59. Suppose 0 = 2*n + 2*n + 4*r + 4, 5*r + g = n. Suppose 2*p = n - 0. What is the remainder when 2 is divided by p?
0
Let d be (-86)/(-6) + (-3)/9. Let r = d - 11. What is the remainder when 11 is divided by r?
2
Suppose 2*y - 216 + 37 = -5*o, -5*y = 2*o - 395. What is the remainder when y is divided by 16?
13
Let w(x) be the first derivative of x**4/4 + 2*x**3 - 7*x**2/2 + 10*x - 1. What is the remainder when w(-7) is divided by 4?
2
Let k = 45 - 31. What is the remainder when 40 is divided by k?
12
Let i(t) = t. Calculate the remainder when (-10)/(-2*3/27*3) is divided by i(4).
3
Let c = -8 - -19. Let m = c + -6. Suppose m*j - 2 = -l + 39, 0 = -4*j + 12. What is the remainder when l is divided by 14?
12
Suppose 24 - 168 = -4*b. Let s = b - 21. Calculate the remainder when s is divided by 8.
7
Suppose 2*h = -5*w + 6*h + 18, 0 = -2*w - 2*h. Let o(m) = -m. Let z be o(-5). Suppose z*p = 2*p + 15. Calculate the remainder when p is divided by w.
1
Let r = -12 - -53. Let o(q) = -2 - 4*q + 2*q - 2. Calculate the remainder when r is divided by o(-9).
13
Let s(x) = -3*x - 10. What is the remainder when 14 is divided by s(-6)?
6
Let g(h) = 7*h - 7. What is the remainder when 82 is divided by g(4)?
19
Let c = -43 + 69. What is the remainder when 101 is divided by c?
23
Suppose -p = -0*p + 254. What is the remainder when 6/(-27) - p/9 is divided by 15?
13
Suppose -38 = -5*p + 4*p. What is the remainder when p is divided by 25/2*24/15?
18
Suppose -4*c - 5*b = -110, -6*c + 2*c + 124 = -2*b. What is the remainder when 17 is divided by (-56)/(-6) + (-10)/c?
8
Let z be (-105)/33 + 2/11. Let s = z - -11. Calculate the remainder when 13 is divided by s.
5
What is the remainder when (-553)/(-15) - 6/(-45) is divided by 27?
10
Let c = -28 + 31. Let t(q) = -q - 1. Let y be t(-6). Suppose 1 - y = -m. What is the remainder when m is divided by c?
1
Let c(l) = -l**3 - 2*l**2 + 6. Let z be c(-5). Let u be 1*(0 + (z - 2)). Let x = u + -56. What is the remainder when x is divided by 8?
7
Let h(v) = v - 4. Let u be h(0). Let t(s) = s**2 + 5*s + 5. Let c be t(u). Let b = c - -7. Calculate the remainder when 22 is divided by b.
6
Let a(r) = 13*r + 4. Let s(n) = -1. Let y(b) = -a(b) - 5*s(b). Let z = 0 - -14. Calculate the remainder when y(-3) is divided by z.
12
Let r = 5 + -1. What is the remainder when ((-12)/18)/(r/(-222)) is divided by 13?
11
Suppose -h = 6*j - j - 230, 4*j = 5*h + 184. Let z(i) = 7*i + 3. What is the remainder when j is divided by z(3)?
22
Suppose 0 = -2*o + 2*r + 40, -2*o + 45 = -2*r + r. What is the remainder when 48 is divided by o?
23
Let r(f) = f**3 + 10*f**2 + 10. What is the remainder when 15 is divided by r(-10)?
5
Let z be (-29)/(-9) + 4/(-18). Suppose 2*c + z*l - 59 = 0, c + c - 4*l = 66. Let b = -20 + c. What is the remainder when 32 is divided by b?
10
Suppose -4*j + 2*j = -74. Calculate the remainder when j is divided by 11.
4
Suppose -84 = 2*u - 5*u. What is the remainder when 109 is divided by u?
25
Suppose -54 = 3*o - 7*o + r, o - 21 = 4*r. Calculate the remainder when 36 is divided by o.
10
Suppose -4 = 4